{"id":66,"date":"2021-02-18T13:55:50","date_gmt":"2021-02-18T13:55:50","guid":{"rendered":"https:\/\/jugendclub.bestensee.de\/?page_id=66"},"modified":"2025-09-16T05:25:03","modified_gmt":"2025-09-16T05:25:03","slug":"__trashed","status":"publish","type":"page","link":"https:\/\/jugendclub.bestensee.de\/","title":{"rendered":"Hallo Du, ja genau Du\u2026."},"content":{"rendered":"\n<div class=\"wp-block-columns alignwide is-layout-flex wp-container-core-columns-is-layout-9d6595d7 wp-block-columns-is-layout-flex\">\n<div class=\"wp-block-column is-layout-flow wp-block-column-is-layout-flow\" style=\"flex-basis:300px\">\n<div class=\"wp-block-columns is-layout-flex wp-container-core-columns-is-layout-9d6595d7 wp-block-columns-is-layout-flex\">\n<div class=\"wp-block-column is-layout-flow wp-block-column-is-layout-flow\"><\/div>\n<\/div>\n\n\n\n<blockquote class=\"wp-block-quote is-style-plain has-text-color has-link-color has-huge-font-size wp-elements-387f4661e5e6a64b63ed671e87ee361e is-layout-flow wp-block-quote-is-layout-flow\" style=\"color:#19a49d\">\n<p class=\"has-text-align-center has-huge-font-size\">WIR&#8230;.<\/p>\n<\/blockquote>\n<\/div>\n\n\n\n<div class=\"wp-block-column is-layout-flow wp-block-column-is-layout-flow\">\n<p class=\"has-text-align-left\">Wir sind das Jugendzentrum Bestensee! Wir bieten f\u00fcr die Jugendlichen des Ortes einen Anlaufpunkt, um die Freizeit zu verbringen. Egal ob Tischtennis, Darts oder gem\u00fctliches Quatschen auf den Sofas, das Jugendzentrum bietet Platz zum Entspannen. Auch haben wir ein offenes Ohr f\u00fcr Euch, wenn mal der Schuh dr\u00fcckt, ihr Hilfe ben\u00f6tigt. &#8222;Guter Rat ist teuer&#8220; \ud83d\ude09 Zu uns k\u00f6nnt ihr kommen, wenn ihr zwischen 10 und 21 Jahren seid.<\/p>\n<\/div>\n<\/div>\n\n\n\n<div class=\"wp-block-cover alignfull is-light has-parallax\" style=\"min-height:568px;aspect-ratio:unset;\"><div class=\"wp-block-cover__image-background wp-image-294 has-parallax\" style=\"background-position:50% 50%;background-image:url(https:\/\/jugendclub.bestensee.de\/wp-content\/uploads\/2024\/11\/IMG_20241127_145024.jpg)\"><\/div><span aria-hidden=\"true\" class=\"wp-block-cover__background has-light-gray-background-color has-background-dim\"><\/span><div class=\"wp-block-cover__inner-container is-layout-constrained wp-block-cover-is-layout-constrained\">\n<p class=\"has-text-align-center has-large-font-size\"><\/p>\n\n\n\n<!-- BDW NOTIZ - begin template 1 -->\n<div class=\"bh-page\">\n    <div class=\"widget_item strappy\">\n        <div class=\"widget_border_radius widget_1\" style=\"background-color: #19a49d; color: black;\">\n            \n\t\t\t<!-- div class=\"row\" -->\n\t\t\t\t\t\t\t\t<div class=\"col-sm-12 notop\">\n\t\t\t\t\t<p class= \"bhtitle\" style=\"color:black\">Wir sind f\u00fcr Euch da...<\/p>\n\t\t\t\t<\/div>\n\t\t\t\t\t\t\t<!-- \/div -->\n\t\t\t\n\t\t\t<div class=\"widget_header\">\n\t\t\t\t<div class=\"container-fluid\">\n\t\t\t\t<!-- div class=\"row\"-->\n\n\t\t\t\t\t<div class=\"col-md-4 col-sm-2 col-xs-12\">\t\n\t\t\t\t\t\t<div class=\"header_icon text-left\">\n\t\t\t\t\t\t\t<i class=\"fa fa-clock-o fa-5x\" aria-hidden=\"true\"><\/i>\n\t\t\t\t\t\t<\/div>\n\t\t\t\t\t<\/div>\n\n\t\t\t\t\t<div class=\"col-md-8 col-sm-8 col-xs-12\">\t\n\t\t\t\t\t\t<div class=\"header_working_schedule\">\n\t\t\t\t\t\t\t<p class=\"today\">\n\t\t\t\t\t\t\t\t<span class=\"text-uppercase\">Aktuell<\/span>\n\n\t\t\t\t\t\t\t\t<span class=\"badge\" style=\"background-color: #ff4747; color: black\">geschlossen<\/span>\t\t\t\t\t\t\t<\/p>\n\t\t\t\t\t\t\t<div class=\"working_hours working_days\">\n\t\t\t\t\t\t\t    \n\n<!-- xplodeit --><div class=\"col-xs-12\"><span class=\"weekdays\">Mo - Fr:<\/span><span class=\"times\"><span>13:00 - 20:00<\/span><\/span>\n<\/div>\n\n\n\n<!-- xplodeit --><div class=\"col-xs-12\"><span class=\"weekdays\">Sa - So:<\/span><span class=\"times\">Geschlossen<\/span>\n<\/div>\n\n                            <\/div>\n\t\t\t\t\t\t<\/div>\n\t\t\t\t\t<\/div>\n\t\t\t\t<!-- \/div -->\n\t\t\t\t<\/div>\n\t\t\t<\/div>\n\n\t\t\t<div class=\"widget_body\">\n                <div class=\"company_name dashed_border\" style=\"background-color: #dddddd; color: black !important;\">\n                    <p class=\"text-uppercase margin_none font_bold font_size_18\">\n\t                                        <\/p>\n                    <p class=\"text-capitalize margin_none\">\n\t                    Birgit &amp; Katja                    <\/p>\n                <\/div>\n                <div class=\"company_details\">\n                    <p class=\"phone\"><span>Telefon: <\/span><span>015168833990 oder 015172037618<\/span><\/p>\n\t                \n\t                <p class=\"email\"><span>E-Mail: jugendzentrum(at)bestensee.de<\/span><\/p>\n\t                \n\t                \n                <\/div>\n            <\/div>\n        <\/div>\n        <div class=\"row\">\n            <div class=\"col-xs-7\">\n                <!-- empty -->\n            <\/div>\n            <div class=\"col-xs-5\">\n                <p class=\"powerdby\">Powered by crosswordsolver.com<\/p>\n            <\/div>\n        <\/div>\n    <\/div>\n<\/div>\n<!-- end template 1 -->\n<\/div><\/div>\n\n\n\n<p class=\"has-text-align-center\"><strong>Ihr findet uns in der Waldstra\u00dfe 31 in 15741 Bestensee.<\/strong><\/p>\n\n\n\n<div class=\"wp-block-columns alignwide has-background is-layout-flex wp-container-core-columns-is-layout-9d6595d7 wp-block-columns-is-layout-flex\" style=\"background-color:#7575751a\">\n<div class=\"wp-block-column is-vertically-aligned-center is-layout-flow wp-block-column-is-layout-flow\" style=\"flex-basis:150px\"><div class=\"wp-block-image is-style-default\">\n<figure class=\"aligncenter size-medium is-resized\"><img loading=\"lazy\" decoding=\"async\" width=\"158\" height=\"300\" src=\"https:\/\/jugendclub.bestensee.de\/wp-content\/uploads\/2024\/11\/news-1719061_1280-158x300.png\" alt=\"\" class=\"wp-image-328\" style=\"width:169px;height:auto\" srcset=\"https:\/\/jugendclub.bestensee.de\/wp-content\/uploads\/2024\/11\/news-1719061_1280-158x300.png 158w, https:\/\/jugendclub.bestensee.de\/wp-content\/uploads\/2024\/11\/news-1719061_1280-538x1024.png 538w, https:\/\/jugendclub.bestensee.de\/wp-content\/uploads\/2024\/11\/news-1719061_1280.png 673w\" sizes=\"auto, (max-width: 158px) 100vw, 158px\" \/><\/figure><\/div><\/div>\n\n\n\n<div class=\"wp-block-column is-layout-flow wp-block-column-is-layout-flow\" style=\"flex-basis:1000px\"><ul style=\"background-color:#af920f; font-size:12px;font-style:normal;font-weight:600;line-height:0;letter-spacing:0px;\" class=\"wp-block-latest-posts__list is-grid columns-3 has-dates has-link-color alignwide wp-elements-ecbd447a107c840c11c01b769ecdf5df wp-block-latest-posts has-text-color has-primary-color has-background\"><li><div class=\"wp-block-latest-posts__featured-image alignleft\"><img loading=\"lazy\" decoding=\"async\" width=\"150\" height=\"150\" src=\"https:\/\/jugendclub.bestensee.de\/wp-content\/uploads\/2024\/12\/1-5-150x150.jpg\" class=\"attachment-thumbnail size-thumbnail wp-post-image\" alt=\"\" style=\"max-width:50px;max-height:50px;\" \/><\/div><a class=\"wp-block-latest-posts__post-title\" href=\"https:\/\/jugendclub.bestensee.de\/?p=551\">Heute, am Freitag den 20.12.2024 um 15:30Uhr hatten wir Bescherung<\/a><time datetime=\"2024-12-20T16:00:00+00:00\" class=\"wp-block-latest-posts__post-date\">20. Dezember 2024<\/time><div class=\"wp-block-latest-posts__post-excerpt\">Wir hatten f\u00fcr dieses Jahr noch Restbudget und die Kinder und Jugendlichen durften W\u00fcnsche f\u00fcr das Jugendzentrum \u00e4u\u00dfern. Einiges konnten\u2026\u00a0<a class=\"wp-block-latest-posts__read-more\" href=\"https:\/\/jugendclub.bestensee.de\/?p=551\" rel=\"noopener noreferrer\"><span class=\"screen-reader-text\">Heute, am Freitag den 20.12.2024 um 15:30Uhr hatten wir Bescherung <\/span>weiterlesen<\/a><\/div><\/li>\n<li><div class=\"wp-block-latest-posts__featured-image alignleft\"><img loading=\"lazy\" decoding=\"async\" width=\"150\" height=\"150\" src=\"https:\/\/jugendclub.bestensee.de\/wp-content\/uploads\/2024\/12\/1-4-150x150.jpg\" class=\"attachment-thumbnail size-thumbnail wp-post-image\" alt=\"\" style=\"max-width:50px;max-height:50px;\" \/><\/div><a class=\"wp-block-latest-posts__post-title\" href=\"https:\/\/jugendclub.bestensee.de\/?p=525\">Am 06.12.2024 haben wir den Weihnachtsbaum geschm\u00fcckt<\/a><time datetime=\"2024-12-09T11:20:43+00:00\" class=\"wp-block-latest-posts__post-date\">9. Dezember 2024<\/time><div class=\"wp-block-latest-posts__post-excerpt\"><\/div><\/li>\n<li><div class=\"wp-block-latest-posts__featured-image alignleft\"><img loading=\"lazy\" decoding=\"async\" width=\"150\" height=\"150\" src=\"https:\/\/jugendclub.bestensee.de\/wp-content\/uploads\/2024\/11\/grafik-150x150.png\" class=\"attachment-thumbnail size-thumbnail wp-post-image\" alt=\"\" style=\"max-width:50px;max-height:50px;\" \/><\/div><a class=\"wp-block-latest-posts__post-title\" href=\"https:\/\/jugendclub.bestensee.de\/?p=253\">Tag der offenen T\u00fcr<\/a><time datetime=\"2024-11-28T14:10:21+00:00\" class=\"wp-block-latest-posts__post-date\">28. November 2024<\/time><div class=\"wp-block-latest-posts__post-excerpt\">\u201eWir haben fertig!\u201c Unter diesem Motto stand der diesj\u00e4hrige Tag der offenen T\u00fcr bei uns im Jugendzentrum Bestensee. Nach \u00fcber\u2026\u00a0<a class=\"wp-block-latest-posts__read-more\" href=\"https:\/\/jugendclub.bestensee.de\/?p=253\" rel=\"noopener noreferrer\"><span class=\"screen-reader-text\">Tag der offenen T\u00fcr <\/span>weiterlesen<\/a><\/div><\/li>\n<li><div class=\"wp-block-latest-posts__featured-image alignleft\"><img loading=\"lazy\" decoding=\"async\" width=\"150\" height=\"150\" src=\"https:\/\/jugendclub.bestensee.de\/wp-content\/uploads\/2024\/12\/2-150x150.jpg\" class=\"attachment-thumbnail size-thumbnail wp-post-image\" alt=\"\" style=\"max-width:50px;max-height:50px;\" \/><\/div><a class=\"wp-block-latest-posts__post-title\" href=\"https:\/\/jugendclub.bestensee.de\/?p=506\">Blutige Wunden, Verb\u00e4nde, Rettungsdecken \u2013 was ist passiert?<\/a><time datetime=\"2024-08-09T10:13:00+00:00\" class=\"wp-block-latest-posts__post-date\">9. August 2024<\/time><div class=\"wp-block-latest-posts__post-excerpt\">Im Jugendzentrum Bestensee fand in der dritten Ferienwoche vom 05.08.-09.08.2024 eine Erste-Hilfe-Woche statt. Die Kinder und Jugendlichen berichteten zu Beginn\u2026\u00a0<a class=\"wp-block-latest-posts__read-more\" href=\"https:\/\/jugendclub.bestensee.de\/?p=506\" rel=\"noopener noreferrer\"><span class=\"screen-reader-text\">Blutige Wunden, Verb\u00e4nde, Rettungsdecken \u2013 was ist passiert? <\/span>weiterlesen<\/a><\/div><\/li>\n<li><div class=\"wp-block-latest-posts__featured-image alignleft\"><img loading=\"lazy\" decoding=\"async\" width=\"150\" height=\"150\" src=\"https:\/\/jugendclub.bestensee.de\/wp-content\/uploads\/2024\/05\/ostern-150x150.png\" class=\"attachment-thumbnail size-thumbnail wp-post-image\" alt=\"\" style=\"max-width:50px;max-height:50px;\" \/><\/div><a class=\"wp-block-latest-posts__post-title\" href=\"https:\/\/jugendclub.bestensee.de\/?p=386\">Osterferien im Jugendzentrum mit selbstgemachten Seifen, Pralinen und Waffeln<\/a><time datetime=\"2024-05-29T09:17:00+00:00\" class=\"wp-block-latest-posts__post-date\">29. Mai 2024<\/time><div class=\"wp-block-latest-posts__post-excerpt\">Das Jugendzentrum der Gemeinde Bestensee ist seit 2004 ein Anlaufpunkt f\u00fcr Kinder- und Jugendliche zwischen10 und 21 Jahren. Die Kids\u2026\u00a0<a class=\"wp-block-latest-posts__read-more\" href=\"https:\/\/jugendclub.bestensee.de\/?p=386\" rel=\"noopener noreferrer\"><span class=\"screen-reader-text\">Osterferien im Jugendzentrum mit selbstgemachten Seifen, Pralinen und Waffeln <\/span>weiterlesen<\/a><\/div><\/li>\n<li><div class=\"wp-block-latest-posts__featured-image alignleft\"><img loading=\"lazy\" decoding=\"async\" width=\"150\" height=\"150\" src=\"https:\/\/jugendclub.bestensee.de\/wp-content\/uploads\/2024\/12\/1-1-150x150.jpg\" class=\"attachment-thumbnail size-thumbnail wp-post-image\" alt=\"\" style=\"max-width:50px;max-height:50px;\" \/><\/div><a class=\"wp-block-latest-posts__post-title\" href=\"https:\/\/jugendclub.bestensee.de\/?p=519\">Es weihnachtete sehr\u2026<\/a><time datetime=\"2023-12-17T10:32:00+00:00\" class=\"wp-block-latest-posts__post-date\">17. Dezember 2023<\/time><div class=\"wp-block-latest-posts__post-excerpt\">&#8230;in Bestensee auf dem Weihnachtsmarkt am 17.12.2023 und wir vom Jugendzentrum und der Schulsozialarbeit von Bestensee konnten wieder dabei sein.\u2026\u00a0<a class=\"wp-block-latest-posts__read-more\" href=\"https:\/\/jugendclub.bestensee.de\/?p=519\" rel=\"noopener noreferrer\"><span class=\"screen-reader-text\">Es weihnachtete sehr\u2026 <\/span>weiterlesen<\/a><\/div><\/li>\n<\/ul><\/div>\n<\/div>\n\n\n\n<h6 class=\"wp-block-heading alignwide has-text-align-center has-accent-color has-text-color has-link-color wp-elements-0fd4f9655a786979edb93d456d02454a\">Hier darf jeder sein, wie er will. <br>Wichtig ist, dass jeder jeden akzeptiert, wie er ist.<br><strong>Wir haben hier kein Platz f\u00fcr Hass, Gewalt, Drogen und Alkohol!<\/strong><\/h6>\n\n\n\n<p><\/p>\n","protected":false},"excerpt":{"rendered":"<p>WIR&#8230;. Wir sind das Jugendzentrum Bestensee! Wir bieten f\u00fcr die Jugendlichen des Ortes einen Anlaufpunkt, um die Freizeit zu verbringen. Egal ob Tischtennis, Darts oder gem\u00fctliches Quatschen auf den Sofas, [&hellip;]<\/p>\n","protected":false},"author":1,"featured_media":0,"parent":0,"menu_order":0,"comment_status":"closed","ping_status":"closed","template":"","meta":{"footnotes":""},"class_list":["post-66","page","type-page","status-publish","hentry"],"_links":{"self":[{"href":"https:\/\/jugendclub.bestensee.de\/index.php?rest_route=\/wp\/v2\/pages\/66","targetHints":{"allow":["GET"]}}],"collection":[{"href":"https:\/\/jugendclub.bestensee.de\/index.php?rest_route=\/wp\/v2\/pages"}],"about":[{"href":"https:\/\/jugendclub.bestensee.de\/index.php?rest_route=\/wp\/v2\/types\/page"}],"author":[{"embeddable":true,"href":"https:\/\/jugendclub.bestensee.de\/index.php?rest_route=\/wp\/v2\/users\/1"}],"replies":[{"embeddable":true,"href":"https:\/\/jugendclub.bestensee.de\/index.php?rest_route=%2Fwp%2Fv2%2Fcomments&post=66"}],"version-history":[{"count":135,"href":"https:\/\/jugendclub.bestensee.de\/index.php?rest_route=\/wp\/v2\/pages\/66\/revisions"}],"predecessor-version":[{"id":576,"href":"https:\/\/jugendclub.bestensee.de\/index.php?rest_route=\/wp\/v2\/pages\/66\/revisions\/576"}],"wp:attachment":[{"href":"https:\/\/jugendclub.bestensee.de\/index.php?rest_route=%2Fwp%2Fv2%2Fmedia&parent=66"}],"curies":[{"name":"wp","href":"https:\/\/api.w.org\/{rel}","templated":true}]}}